{"id":2,"date":"2008-03-17T10:50:38","date_gmt":"2008-03-17T09:50:38","guid":{"rendered":""},"modified":"2008-04-25T11:21:57","modified_gmt":"2008-04-25T11:21:57","slug":"a-propos","status":"publish","type":"page","link":"https:\/\/www.mininous.fr\/?page_id=2","title":{"rendered":"A propos de mininous.fr"},"content":{"rendered":"<p>Elisabeth est n\u00e9e le 13 Mars 2008 \u00e0 Bordeaux. Elle faisait 3.350 kilogrammes,\u00a0 pour 50,5 centim\u00e8tres. Ce blog permet de la voir grandir \u00e0 nous, parents, mais aussi \u00e0 la famille de la voir grandir et \u00e9voluer. Il permet d&rsquo;ins\u00e9rer des commentairesafin de compl\u00e9ter les billets que nous diffusons.<\/p>\n<p>Ce site est destin\u00e9 \u00e0 la famille et aux amis. Le contenu et les photos sont \u00e0 caract\u00e8re priv\u00e9 et tout usage ou reproduction est interdite.<\/p>\n<p>Voici quelques uns des lecteurs de mininous.fr. Si vous souhaitez \u00eatre pr\u00e9sent sur la carte, envoyez un mail <a href=\"http:\/\/www.mininous.fr\/?page_id=4\">ici<\/a>.<br \/>\nD\u00e9couvrez de Montr\u00e9al \u00e0 la Turquie, en passant par la France, la famille et les amis.<\/p>\n<p><iframe loading=\"lazy\" src=\"http:\/\/maps.google.fr\/maps\/ms?ie=UTF8&amp;hl=fr&amp;msa=0&amp;msid=116001767041624190807.0004491d639627ae35ef1&amp;ll=34.597042,32.871094&amp;spn=7.822113,102.728519&amp;output=embed&amp;s=AARTsJovuBS-0J4_D_vm5gsLbCscxwyVxQ\" marginheight=\"0\" marginwidth=\"0\" scrolling=\"no\" width=\"475\" frameborder=\"0\" height=\"350\"><\/iframe><\/p>\n<p>Ce blog est \u00e9dit\u00e9 \u00e0 l&rsquo;aide de <a href=\"http:\/\/wordpress.org\/\">WordPress<\/a>. Le site est administr\u00e9  par <a href=\"http:\/\/www.mininous.fr\/?page_id=4\">denismichelet<\/a>.<\/p>\n","protected":false},"excerpt":{"rendered":"<p>Elisabeth est n\u00e9e le 13 Mars 2008 \u00e0 Bordeaux. Elle faisait 3.350 kilogrammes,\u00a0 pour 50,5 centim\u00e8tres. Ce blog permet de la voir grandir \u00e0 nous, parents, mais aussi \u00e0 la famille de la voir grandir et \u00e9voluer. Il permet d&rsquo;ins\u00e9rer des commentairesafin de compl\u00e9ter les billets que nous diffusons. Ce site est destin\u00e9 \u00e0 la [&hellip;]<\/p>\n","protected":false},"author":1,"featured_media":0,"parent":0,"menu_order":0,"comment_status":"open","ping_status":"open","template":"","meta":[],"_links":{"self":[{"href":"https:\/\/www.mininous.fr\/index.php?rest_route=\/wp\/v2\/pages\/2"}],"collection":[{"href":"https:\/\/www.mininous.fr\/index.php?rest_route=\/wp\/v2\/pages"}],"about":[{"href":"https:\/\/www.mininous.fr\/index.php?rest_route=\/wp\/v2\/types\/page"}],"author":[{"embeddable":true,"href":"https:\/\/www.mininous.fr\/index.php?rest_route=\/wp\/v2\/users\/1"}],"replies":[{"embeddable":true,"href":"https:\/\/www.mininous.fr\/index.php?rest_route=%2Fwp%2Fv2%2Fcomments&post=2"}],"version-history":[{"count":0,"href":"https:\/\/www.mininous.fr\/index.php?rest_route=\/wp\/v2\/pages\/2\/revisions"}],"wp:attachment":[{"href":"https:\/\/www.mininous.fr\/index.php?rest_route=%2Fwp%2Fv2%2Fmedia&parent=2"}],"curies":[{"name":"wp","href":"https:\/\/api.w.org\/{rel}","templated":true}]}}

<p>Elisabeth est née le 13 Mars 2008 à Bordeaux. Elle faisait 3.350 kilogrammes,  pour 50,5 centimètres. Ce blog permet de la voir grandir à nous, parents, mais aussi à la famille de la voir grandir et évoluer. Il permet d&rsquo;insérer des commentairesafin de compléter les billets que nous diffusons.</p>
<p>Ce site est destiné à la famille et aux amis. Le contenu et les photos sont à caractère privé et tout usage ou reproduction est interdite.</p>
<p>Voici quelques uns des lecteurs de mininous.fr. Si vous souhaitez être présent sur la carte, envoyez un mail <a href="http://www.mininous.fr/?page_id=4">ici</a>.<br />
Découvrez de Montréal à la Turquie, en passant par la France, la famille et les amis.</p>
<p><iframe loading="lazy" src="http://maps.google.fr/maps/ms?ie=UTF8&amp;hl=fr&amp;msa=0&amp;msid=116001767041624190807.0004491d639627ae35ef1&amp;ll=34.597042,32.871094&amp;spn=7.822113,102.728519&amp;output=embed&amp;s=AARTsJovuBS-0J4_D_vm5gsLbCscxwyVxQ" marginheight="0" marginwidth="0" scrolling="no" width="475" frameborder="0" height="350"></iframe></p>
<p>Ce blog est édité à l&rsquo;aide de <a href="http://wordpress.org/">WordPress</a>. Le site est administré  par <a href="http://www.mininous.fr/?page_id=4">denismichelet</a>.</p>

<p>Elisabeth est née le 13 Mars 2008 à Bordeaux. Elle faisait 3.350 kilogrammes,  pour 50,5 centimètres. Ce blog permet de la voir grandir à nous, parents, mais aussi à la famille de la voir grandir et évoluer. Il permet d&rsquo;insérer des commentairesafin de compléter les billets que nous diffusons. Ce site est destiné à la [&hellip;]</p>
